-2/3*k**4 - 2*k - g*k**2 + 0 + 1/3*k**3. Determine x(1).
-7
Let k(d) = d**3 + 5*d**2 - 7*d - 2. Let c be (-156)/(-60) + (2 - (-16)/(-10)). Suppose -5*y - 8 - 27 = -5*z, 4*z - 22 = c*y. Give k(y).
4
Let u(d) be the first derivative of 0*d + 7/60*d**5 - 1/2*d**2 + 1/6*d**3 - 1/24*d**4 + 7. Let z(h) be the second derivative of u(h). Give z(1).
7
Let f = -6 + 10. Suppose 4*n = 0, -2*x - 4*n = -6*x + f. Let g(q) = q**2 + 0*q**2 - 1 - x - 1 + 3*q. Determine g(-3).
-3
Let n(w) = 49 + 13 + w**2 - 2*w - 58 + w**3. What is n(0)?
4
Let b(c) = 4*c**3 + c**2 - 2*c + 1. Let h(x) = -x**2 + 5*x + 12. Let d be h(6). Let j(f) = f**2 - 2*f - 23. Let k be j(d). Give b(k).
4
Let a(u) = u**2 + 8*u + 5. Suppose -3*y - 6 = -5*y. Let o be y/(-9)*(-63)/(-3). Give a(o).
-2
Let a(q) = q**2 + q + 9. Let r(w) = w**2 + w + 4. Let v(m) = 2*a(m) - 5*r(m). Determine v(-3).
-20
Let v(l) be the third derivative of 3*l**4/8 - l**3/6 + 3*l**2. Suppose -2 = 2*w, -5*t + w = -0*w - 11. Calculate v(t).
17
Let v(y) = -y**2 + 10*y + 6. Let a be 12/(-66) - (-1107)/99. Give v(a).
-5
Let t(n) = -n**3 + 3*n**2 + 3*n - 4. Let s be (-3)/6*(147 + 1). Let g be s/26 - 8/52. Let j be g/3*1 - -5. Calculate t(j).
-8
Suppose 0 = -35*b - 17 - 18. Let v(g) = -13*g**3 + 2*g**2 - 1. What is v(b)?
14
Let g(t) = t + 3. Let c be ((-584)/32)/((-2)/8). Suppose -13 = -15*r - c. Give g(r).
-1
Let y be 2 + (-5)/(-15)*-3. Let a(c) = 5*c**2 - c**2 - y - c + 11*c**3 - 10*c**3 - 2*c**2. Give a(-3).
-7
Let j(u) = u**2 + u + 8. Let a(h) = -9*h + h**2 - 7*h + 14*h - 7 - 2*h**2. Let o(m) = 6*a(m) + 5*j(m). What is o(-7)?
-2
Let d(g) be the second derivative of -g**6/60 - g**5/15 - g**4/12 + g**3/3 + 7*g**2/2 - 3*g. Let u(i) be the first derivative of d(i). Calculate u(-2).
6
Let r(c) = -c**3 + 12*c**2 - 12*c + 9. Let m = 770 + -759. Give r(m).
-2
Suppose 7 = 5*r + 2. Let p be -8 + 9 - (-1 - r). Let w(x) = 2*x + 4*x**2 - p*x**2 - 2*x**2 - 1. Calculate w(4).
-9
Let q(l) = 2*l - 5. Suppose 2*g + 2 = -2*w, 0 = 2*w - 7*w - 2*g + 7. Determine q(w).
1
Let x(u) = u**3 + 7*u**2 + 4*u - 3. Let a = 16 + -23. Let k be ((a - -3) + -2)*1. Calculate x(k).
9
Let n be (20/(-6) - -3)*-6. Suppose 2*c + n - 12 = 0, -3*c = 3*o. Let q(h) = h**2 + 6*h - 3. Give q(o).
-8
Let k = 53 + -47. Suppose -3*l = -4*l + 4*f - k, 6 = -4*l - 2*f. Let w(a) = a**3 + 2. Give w(l).
-6
Let f(r) be the first derivative of 2*r**2 + 4*r - 71. Suppose 4*s - x + 8 = 0, 2*s - 1 = -s - x. Let t(u) = 2*u**3 + 2*u + 1. Let n be t(s). Give f(n).
-8
Let i(a) = -a**3 + 8*a**2 + 2*a - 12. Let m = -68 + 76. Determine i(m).
4
Let g(u) be the first derivative of u**7/840 - u**6/60 + 7*u**5/120 - u**4/4 + 3*u**3 + 15. Let d(b) be the third derivative of g(b). Give d(5).
4
Suppose 42*m + 131 = 425. Let j(q) = -q**2 + 5*q - 8. Calculate j(m).
-22
Let h(f) = 2*f**2 + 7*f + 4. Let t(x) = 3*x**2 + 8*x + 5. Let m(k) = 5*h(k) - 4*t(k). Let u be (1 + -8)*(-2)/7. Calculate m(u).
-2
Let s = -57 + 57. Let p(u) = -u**2 + s*u**2 + 216 + 0*u + 5*u - 211. Determine p(5).
5
Suppose 3*d = -d. Let s(x) = -x + d*x + 24 - 23 - 7*x**2 - 10*x**2. Determine s(1).
-17
Let v be 3/(-3 - 0) - 3. Let u(d) be the third derivative of -1/12*d**4 + 0*d - d**3 + 0 + 1/15*d**5 + 1/120*d**6 + 3*d**2. What is u(v)?
2
Let j(v) = v**3 + v**2 - 3. Suppose 2*o - 7 = 1. Suppose o*r - 3*p + 40 = 0, 3*p = -2*r - 1 - 1. Let t(u) = -3*u - 21. Let d be t(r). Calculate j(d).
-3
Let a(m) be the second derivative of -m**3/3 - 7*m**2 + 79*m + 2. Calculate a(-10).
6
Let h(l) = l**3 + 5*l**2 + 2*l - 5. Let q be h(-4). Let k(m) = 0 - 4*m**2 - 1 - q + 5 + m. Calculate k(-1).
-4
Let w = 14 + -15. Let d = w + -3. Let u = d + 4. Let b(r) = r**3 + r**2 + r - 2. Determine b(u).
-2
Let j(n) be the second derivative of 0 - 5/3*n**3 + 5/2*n**2 - 35*n + 1/12*n**4. What is j(10)?
5
Let l(j) = -j + 1. Let s = 303 + -307. Give l(s).
5
Let i(f) = f - 2. Let q(b) = -2*b + 10. Let y(t) = t - 9. Let w(d) = 2*q(d) + 3*y(d). Let c be w(-7). Calculate i(c).
-2
Let z(p) = -5*p**2 - 2*p + 1. Let g(r) = -2*r - 5. Suppose -4*h = -2*m + 16, 3*h - 4*m - 7 = 8*h. Let l be g(h). Determine z(l).
-6
Suppose 4*w - 9 - 11 = 0. Suppose -2*j = 3*r + 12, 4*j - 3*r = -0*r + 12. Suppose j = -i - w*i - 36. Let q(g) = g + 5. Give q(i).
-1
Let v(s) = 3 + 2*s - 6*s - 3*s**2 + 2*s**2. Suppose 155 = 9*w - 4*w. Let t = -36 + w. Give v(t).
-2
Let a(f) = -121 - 6*f + 253 - 133. What is a(-5)?
29
Let k(r) = -2*r**2 + 1. Let m(a) be the second derivative of a**4/4 + a**3/6 - a**2 - 9*a. Let d(g) = 5*k(g) + 2*m(g). Calculate d(-1).
-5
Let w(u) = -3*u. Suppose 0*y + 3*h = 5*y - 19, -5*y + h = -13. Let a be (1/y)/(15/(-90)). Determine w(a).
9
Let g(m) = -1 - 1 + 6*m - 7*m + 1. Let z be g(-5). Let u(s) = -2*s + 2*s + 2*s - s. Calculate u(z).
4
Let l(o) be the first derivative of -o**2/2 - 9*o + 56. Give l(-5).
-4
Let r(x) be the second derivative of x**4/12 - x**3/2 - x**2/2 + 30*x. Let a(b) = b**2 - 2*b - 1. Let h(t) = 5*a(t) - 4*r(t). Determine h(-3).
2
Suppose v = -4*m + 8, -27*m = 2*v - 28*m + 2. Let o(g) = 6*g**3 + 4*g**2 + 5*g. Let y(b) = -5*b**3 - 3*b**2 - 4*b - 1. Let w(x) = -4*o(x) - 5*y(x). Give w(v).
5
Let a(h) be the second derivative of 0 + 1/6*h**4 + 2/3*h**3 - 1/60*h**5 + 3/2*h**2 - 6*h. Let o(b) be the first derivative of a(b). Give o(-3).
-17
Suppose 0*a = 4*a - 5*k, 41 = -5*a - 4*k. Let s be (-3 - a)*(-21)/(-6). Let m(n) = 1 + 2 - 9 - n. What is m(s)?
-13
Let o(j) = j**2 - 8*j - 5. Let d be (-14)/(-56) - (-9)/(-12)*-5. Calculate o(d).
-21
Let t = -10/47 - -67/94. Let n(r) be the second derivative of -4*r - 1/6*r**4 - t*r**2 - 2/5*r**5 + 1/3*r**3 + 0. Calculate n(1).
-9
Suppose -g + 3*z + 12 = -z, 0 = -3*g + 2*z + 16. Let b(l) = 2*l**2 + 2*l - 1. Let s be b(1). Let j(x) = s - 5 + 2 - x. Calculate j(g).
-4
Suppose 5*i + 310*b + 10 = 315*b, -3*b + 5 = -2*i. Let z(g) = 3*g**3 + 1 + g**2 + g**3 - 2*g**3 + g. What is z(i)?
-1
Let t(h) = -2*h**2 - h + 21. Let f be t(-4). Let d(x) = -x**2 - 3*x + 11. Calculate d(f).
-17
Let p(i) = -i**3 + 4*i**2 - 2*i + 4. Let f(w) = w**2 + 8*w - 3. Let c be f(-7). Let t be (-1)/2 - c/4. Suppose -h + t*h - 4 = 0. Determine p(h).
-4
Let n(x) = x**3 - 5*x**2 + 4*x - 3. Let b = -69 - -73. Give n(b).
-3
Let z(y) = 7*y**2 - 8*y - 12. Let u(t) = -4*t**2 + 4*t + 6. Suppose 14*r = 17*r - 15. Let h(w) = r*u(w) + 3*z(w). Determine h(6).
6
Suppose -14 = 2*b - 4*b. Let l(a) = -128*a + 7 - 2*a**2 + 3*a**2 + 68*a + 55*a - 8. Determine l(b).
13
Let l(c) = 55 - 15 - 2*c - 23 - 33. Calculate l(0).
-16
Let j(a) = a**2 + 4. Suppose 4*p + 2*g + 2 = 0, -2*g + 20 = -4*p + 2*g. Give j(p).
8
Let u(v) be the first derivative of 1/60*v**5 - 3 - 1/3*v**3 + 0*v - 1/2*v**2 - 1/24*v**4. Let f(p) be the second derivative of u(p). Calculate f(0).
-2
Suppose 5*n + 2*l + 30 = -3*l, 0 = 4*n + l + 9. Let q = 7 + n. Let v(h) = -h**2 + 2*h + 8. Calculate v(q).
-16
Let f(b) = -3*b**3 + 15*b**2 + 5*b - 9. Let l(g) = g**3 - 5*g**2 - 2*g + 3. Let o(n) = 3*f(n) + 8*l(n). Calculate o(5).
-8
Suppose o = -5*c + c - 32, -2*o = -c - 17. Let z be (c/1)/((-21)/(-28)). Let a be (-4)/3*(-18)/z. Let s(l) = l**2 + 4*l + 1. Calculate s(a).
-3
Suppose 2*b = 2 - 54. Let i be b/(-22) + (-2)/11. Let j(a) = a + 4*a - 9*a - 3*a. Determine j(i).
-7
Let f(i) = -11*i**3 - 18*i**2 - 6*i + 13. Let h(p) = -2*p**3 - 2*p**2 + p + 1. Let s(d) = -f(d) + 5*h(d). Give s(-6).
-2
Let c(w) = -2*w + 9. Let b be c(3). Suppose 5*s + b*h + 19 = 3*s, -5*s - h - 28 = 0. Let f(i) = i**3 + 5*i**2 - 2*i - 2. What is f(s)?
8
Let k(d) = -d - 3. Let x be k(-3). Let v(l) = -6*l + 0 + 3 + 4*l**2 + x*l + 4*l. Let f(h) = h**2 - h. Let q(r) = 5*f(r) - v(r). Determine q(5).
7
Let f(k) = k + 1. Let p(h) = -4*h - 6. Let q(m) = -14*f(m) - 3*p(m). Let v be (12/(-9))/(4/18). Let w be v/(-21) - (-37)/(-7). Determine q(w).
14
Suppose 0 = -l - l + n + 5, 3*n + 5 = l. Let b(c) = 3*c + 3*c - c**l - 6 + 2*c**2 - 2*c**2. Determine b(5).
-1
Let g(h) = -3*h - 10. Let m be 30/4*(-24)/30. What is g(m)?
8
Let i(j) = 14*j**2 - 14*j**3 + j + 34*j**3 - 11*j**3 - 10*j**3 - 2 - 5*j**2. Calculate i(9).
7
Let m(x) = -95*x + x**2 + 85*x - 199 + 204. Calculate m(4).
-19
Let r be 9/((-27)/(-8))*-6. Let d be (r/(-2))/(-2 - -4). Let m(t) = t**3 - 3*t + 0 - 3*t**2 + 2 - 5 + d. Give m(3).
-8
Let q(b) be the third derivative of -b**4/12 - b**3/6 + 82*b**